 9850?
9
What is the tens digit of 50427?
2
What is the thousands digit of 54590?
4
What is the units digit of 471?
1
What is the units digit of 419?
9
What is the tens digit of 20282?
8
What is the tens digit of 1186?
8
What is the tens digit of 2775?
7
What is the tens digit of 7397?
9
What is the hundred thousands digit of 158532?
1
What is the tens digit of 2081?
8
What is the hundreds digit of 1189?
1
What is the units digit of 1441?
1
What is the hundreds digit of 109041?
0
What is the tens digit of 48933?
3
What is the units digit of 7691?
1
What is the tens digit of 640?
4
What is the tens digit of 88155?
5
What is the thousands digit of 4237?
4
What is the thousands digit of 4545?
4
What is the units digit of 8023?
3
What is the hundreds digit of 3273?
2
What is the units digit of 2001?
1
What is the hundreds digit of 33691?
6
What is the units digit of 2455?
5
What is the units digit of 921?
1
What is the tens digit of 5853?
5
What is the hundreds digit of 625?
6
What is the tens digit of 3610?
1
What is the hundreds digit of 2584?
5
What is the ten thousands digit of 29858?
2
What is the hundreds digit of 9307?
3
What is the tens digit of 19907?
0
What is the ten thousands digit of 52710?
5
What is the hundreds digit of 263?
2
What is the units digit of 179559?
9
What is the units digit of 1958?
8
What is the thousands digit of 1478?
1
What is the hundreds digit of 7087?
0
What is the hundreds digit of 372?
3
What is the tens digit of 3469?
6
What is the thousands digit of 3347?
3
What is the hundreds digit of 103278?
2
What is the thousands digit of 58023?
8
What is the hundreds digit of 24370?
3
What is the tens digit of 1062?
6
What is the ten thousands digit of 138847?
3
What is the hundreds digit of 2179?
1
What is the hundreds digit of 676?
6
What is the thousands digit of 15013?
5
What is the thousands digit of 33423?
3
What is the tens digit of 6361?
6
What is the units digit of 4209?
9
What is the hundreds digit of 57504?
5
What is the thousands digit of 55503?
5
What is the units digit of 2882?
2
What is the tens digit of 97989?
8
What is the hundreds digit of 5067?
0
What is the hundreds digit of 23054?
0
What is the ten thousands digit of 41686?
4
What is the hundreds digit of 45663?
6
What is the hundred thousands digit of 120273?
1
What is the units digit of 37?
7
What is the thousands digit of 13568?
3
What is the units digit of 135?
5
What is the thousands digit of 5555?
5
What is the ten thousands digit of 88475?
8
What is the hundreds digit of 14297?
2
What is the units digit of 96094?
4
What is the units digit of 78?
8
What is the tens digit of 2683?
8
What is the units digit of 20420?
0
What is the thousands digit of 37930?
7
What is the tens digit of 1369?
6
What is the units digit of 10994?
4
What is the thousands digit of 13923?
3
What is the units digit of 15069?
9
What is the tens digit of 34?
3
What is the thousands digit of 2249?
2
What is the tens digit of 1486?
8
What is the tens digit of 474?
7
What is the units digit of 10647?
7
What is the hundreds digit of 2892?
8
What is the units digit of 285?
5
What is the hundreds digit of 4494?
4
What is the tens digit of 85676?
7
What is the units digit of 1525?
5
What is the hundreds digit of 2526?
5
What is the hundreds digit of 488?
4
What is the units digit of 906?
6
What is the hundreds digit of 129756?
7
What is the units digit of 876?
6
What is the tens digit of 2552?
5
What is the hundreds digit of 4710?
7
What is the thousands digit of 30748?
0
What is the ten thousands digit of 10790?
1
What is the thousands digit of 1723?
1
What is the units digit of 3006?
6
What is the tens digit of 80379?
7
What is the units digit of 4489?
9
What is the tens digit of 7531?
3
What is the units digit of 1463?
3
What is the units digit of 1388?
8
What is the thousands digit of 21648?
1
What is the units digit of 55432?
2
What is the units digit of 53952?
2
What is the tens digit of 270?
7
What is the units digit of 59694?
4
What is the hundreds digit of 11141?
1
What is the units digit of 44137?
7
What is the tens digit of 2551?
5
What is the hundreds digit of 14166?
1
What is the tens digit of 604?
0
What is the hundreds digit of 27043?
0
What is the thousands digit of 3223?
3
What is the units digit of 5130?
0
What is the hundreds digit of 758?
7
What is the thousands digit of 41748?
1
What is the units digit of 81605?
5
What is the units digit of 27901?
1
What is the tens digit of 697?
9
What is the ten thousands digit of 43651?
4
What is the tens digit of 6736?
3
What is the ten thousands digit of 67226?
6
What is the units digit of 41935?
5
What is the tens digit of 25776?
7
What is the hundreds digit of 439?
4
What is the hundreds digit of 2919?
9
What is the units digit of 112193?
3
What is the ten thousands digit of 27496?
2
What is the hundreds digit of 190?
1
What is the hundreds digit of 4562?
5
What is the units digit of 31712?
2
What is the hundreds digit of 602?
6
What is the units digit of 409?
9
What is the hundreds digit of 479?
4
What is the tens digit of 5769?
6
What is the ten thousands digit of 12507?
1
What is the thousands digit of 7941?
7
What is the hundreds digit of 1246?
2
What is the hundreds digit of 59682?
6
What is the hundreds digit of 3615?
6
What is the thousands digit of 57738?
7
What is the units digit of 24786?
6
What is the tens digit of 4894?
9
What is the hundreds digit of 3053?
0
What is the hundreds digit of 19979?
9
What is the hundreds digit of 7229?
2
What is the tens digit of 61462?
6
What is the units digit of 712?
2
What is the tens digit of 2245?
4
What is the ten thousands digit of 23720?
2
What is the hundreds digit of 1569?
5
What is the units digit of 14?
4
What is the tens digit of 2416?
1
What is the units digit of 2796?
6
What is the hundreds digit of 3138?
1
What is the tens digit of 501?
0
What is the units digit of 66142?
2
What is the units digit of 44602?
2
What is the thousands digit of 68162?
8
What is the ten thousands digit of 109431?
0
What is the hundred thousands digit of 124556?
1
What is the ten thousands digit of 66258?
6
What is the hundreds digit of 4128?
1
What is the hundreds digit of 54164?
1
What is the units digit of 66248?
8
What is the hundreds digit of 2925?
9
What is the tens digit of 7311?
1
What is the ten thousands digit of 43825?
4
What is the hundreds digit of 14999?
9
What is the hundreds digit of 1226?
2
What is the tens digit of 17997?
9
What is the ten thousands digit of 27875?
2
What is the units digit of 7209?
9
What is the units digit of 14414?
4
What is the tens digit of 1206?
0
What is the ten thousands digit of 39079?
3
What is the thousands digit of 85745?
5
What is the hundreds digit of 2808?
8
What is the thousands digit of 30607?
0
What is the units digit of 1696?
6
What is the units digit of 24559?
9
What is the units digit of 1968?
8
What is the hundreds digit of 115836?
8
What is the hundreds digit of 6309?
3
What is the ten thousands digit of 71262?
7
What is the thousands digit of 14032?
4
What is the thousands digit of 48268?
8
What is the thousands digit of 125240?
5
What is the tens digit of 734?
3
What is the thousands digit of 95189?
5
What is the thousands digit of 3543?
3
What is the hundreds digit of 722?
7
What is the thousands digit of 1367?
1
What is the units digit of 7500?
0
What is the tens digit of 133?
3
What is the thousands digit of 37018?
7
What is the units digit of 1254?
4
What is the hundreds digit of 1758?
7
What is the ten thousands digit of 41353?
4
What is the tens digit of 1430?
3
What is the hundreds digit of 54911?
9
What is the tens digit of 751?
5
What is the hundreds digit of 2243?
2
What is the tens digit of 821?
2
What is the thousands digit of 20964?
0
What is the tens digit of 989?
8
What is the thousands digit of 2042?
2
What is the hundreds digit of 112059?
0
What is the tens digit of 6341?
4
What is the hundreds digit of 1701?
7
What is the hundreds digit of 9851?
8
What is the tens digit of 87190?
9
What is the hundreds digit of 3318?
3
What is the units digit of 20313?
3
What is the thousands digit of 10307?
0
What is the units digit of 11257?
7
What is the units digit of 2788?
8
What is the hundreds digit of 6089?
0
W